of 18?
True
Is 3293 a multiple of 89?
True
Is 2145 a multiple of 65?
True
Is 34 a factor of 1326?
True
Is 37 a factor of 37?
True
Is 40 a multiple of 4?
True
Is 81599 a multiple of 56?
False
Does 92 divide 53912?
True
Is 340 a multiple of 17?
True
Is 29 a factor of 580?
True
Does 66 divide 1750?
False
Is 1173 a multiple of 23?
True
Is 284 a multiple of 71?
True
Does 48 divide 96?
True
Is 1728 a multiple of 93?
False
Does 55 divide 485?
False
Is 12 a factor of 1716?
True
Is 27 a factor of 1944?
True
Does 10 divide 1845?
False
Is 6 a factor of 50?
False
Is 362 a multiple of 3?
False
Does 38 divide 6546?
False
Does 9 divide 2191?
False
Is 13 a factor of 819?
True
Is 56700 a multiple of 270?
True
Is 26670 a multiple of 105?
True
Is 2002 a multiple of 26?
True
Does 13 divide 481?
True
Does 6 divide 990?
True
Does 13 divide 1378?
True
Is 8 a factor of 8799?
False
Is 24 a factor of 1152?
True
Is 21 a factor of 41146?
False
Does 18 divide 14916?
False
Is 45769 a multiple of 46?
False
Does 2 divide 898?
True
Is 32 a factor of 918?
False
Is 7392 a multiple of 16?
True
Is 14 a factor of 546?
True
Does 300 divide 30000?
True
Does 4 divide 23800?
True
Is 23 a factor of 690?
True
Is 51 a factor of 26010?
True
Is 233 a multiple of 10?
False
Is 1406 a multiple of 37?
True
Is 28288 a multiple of 128?
True
Does 11 divide 217?
False
Does 58 divide 58?
True
Is 7 a factor of 8694?
True
Does 9 divide 18?
True
Is 36 a factor of 2628?
True
Is 13 a factor of 11945?
False
Is 334 a multiple of 20?
False
Is 930 a multiple of 30?
True
Is 176 a multiple of 19?
False
Is 12 a factor of 429?
False
Is 60 a multiple of 20?
True
Is 38 a factor of 1300?
False
Is 66 a factor of 25716?
False
Does 258 divide 28638?
True
Is 62 a factor of 3968?
True
Is 12 a factor of 32101?
False
Does 17 divide 5253?
True
Is 23 a factor of 874?
True
Does 15 divide 570?
True
Is 575 a multiple of 33?
False
Is 5 a factor of 596?
False
Is 6900 a multiple of 15?
True
Does 92 divide 133?
False
Is 110 a factor of 34210?
True
Is 8 a factor of 10158?
False
Does 75 divide 16725?
True
Is 128 a factor of 4107?
False
Is 5706 a multiple of 20?
False
Is 2047 a multiple of 33?
False
Is 13 a factor of 59?
False
Is 79 a factor of 474?
True
Is 238 a multiple of 14?
True
Does 11 divide 9968?
False
Is 15 a factor of 5085?
True
Is 54 a factor of 2862?
True
Does 120 divide 2640?
True
Is 2 a factor of 207?
False
Is 3 a factor of 20376?
True
Does 44 divide 264?
True
Is 913 a multiple of 15?
False
Does 14 divide 5121?
False
Does 45 divide 225?
True
Is 364 a multiple of 36?
False
Does 11 divide 8005?
False
Does 8 divide 450?
False
Does 7 divide 6640?
False
Is 7 a factor of 466?
False
Is 373 a multiple of 88?
False
Does 56 divide 48272?
True
Is 9 a factor of 929?
False
Is 683 a multiple of 46?
False
Does 37 divide 13431?
True
Does 59 divide 354?
True
Is 13995 a multiple of 21?
False
Is 42 a factor of 756?
True
Does 15 divide 6065?
False
Is 10 a factor of 56310?
True
Is 85 a factor of 47090?
True
Is 9 a factor of 297?
True
Is 6936 a multiple of 34?
True
Does 41 divide 943?
True
Does 76 divide 95?
False
Is 87 a factor of 31635?
False
Is 27 a factor of 49572?
True
Is 1944 a multiple of 91?
False
Is 16906 a multiple of 22?
False
Does 2 divide 1929?
False
Is 10240 a multiple of 40?
True
Does 31 divide 5137?
False
Is 61 a factor of 27938?
True
Is 2805 a multiple of 255?
True
Is 3 a factor of 258?
True
Is 412 a multiple of 4?
True
Is 141 a factor of 649?
False
Is 8860 a multiple of 227?
False
Does 267 divide 32653?
False
Is 6 a factor of 1884?
True
Does 106 divide 5830?
True
Is 17 a factor of 30386?
False
Is 1159 a multiple of 18?
False
Is 31187 a multiple of 159?
False
Is 56 a factor of 7728?
True
Is 1384 a multiple of 62?
False
Does 25 divide 275?
True
Is 14 a factor of 9005?
False
Does 37 divide 22002?
False
Is 693 a multiple of 21?
True
Does 15 divide 645?
True
Is 3795 a multiple of 165?
True
Does 25 divide 650?
True
Is 3 a factor of 237?
True
Is 4214 a multiple of 14?
True
Is 19662 a multiple of 174?
True
Is 242 a multiple of 121?
True
Is 9 a factor of 722?
False
Does 12 divide 1368?
True
Is 50438 a multiple of 10?
False
Is 378 a multiple of 3?
True
Does 4 divide 416?
True
Does 21 divide 7245?
True
Does 14 divide 5113?
False
Does 132 divide 12408?
True
Is 991 a multiple of 3?
False
Does 101 divide 943?
False
Is 167 a factor of 29559?
True
Is 477 a multiple of 45?
False
Is 2420 a multiple of 55?
True
Is 8 a factor of 264?
True
Is 21 a multiple of 15?
False
Is 3 a factor of 1664?
False
Is 8 a factor of 6256?
True
Does 15 divide 6000?
True
Is 2907 a multiple of 57?
True
Is 432 a multiple of 6?
True
Is 32 a factor of 52?
False
Is 36 a factor of 822?
False
Does 7 divide 420?
True
Does 87 divide 117620?
False
Does 28 divide 4116?
True
Is 1644 a multiple of 6?
True
Is 39323 a multiple of 405?
False
Is 104 a factor of 397?
False
Is 87 a factor of 454?
False
Does 12 divide 3008?
False
Is 56 a factor of 896?
True
Does 8 divide 3457?
False
Is 294 a multiple of 42?
True
Is 261 a multiple of 24?
False
Does 24 divide 862?
False
Does 65 divide 2535?
True
Does 15 divide 829?
False
Is 139 a multiple of 2?
False
Is 2150 a multiple of 14?
False
Is 1056 a multiple of 48?
True
Is 137 a factor of 20838?
False
Is 112 a multiple of 2?
True
Is 78 a factor of 9617?
False
Does 142 divide 426?
True
Does 19 divide 163?
False
Is 93 a factor of 11902?
False
Does 16 divide 82?
False
Does 25 divide 4900?
True
Does 56 divide 22830?
False
Is 87 a multiple of 7?
False
Is 30 a factor of 330?
True
Is 2295 a multiple of 9?
True
Does 6 divide 58266?
True
Does 8 divide 85119?
False
Is 15 a factor of 15484?
False
Is 22 a factor of 2888?
False
Is 88 even?
True
Does 3 divide 3727?
False
Does 47 divide 3666?
True
Is 31 a factor of 1426?
True
Is 14 a factor of 8561?
False
Is 42 a factor of 108?
False
Does 7 divide 238?
True
Does 35 divide 8365?
True
Is 400 a multiple of 20?
True
Is 34 a factor of 736?
False
Is 28 a factor of 871?
False
Does 10 divide 731?
False
Is 40 a factor of 1400?
True
Is 19 a factor of 107?
False
Does 27 divide 12370?
False
Does 46 divide 1683?
False
Is 2498 a multiple of 34?
False
Is 8 a factor of 8544?
True
Does 40 divide 3400?
True
Is 2714 a multiple of 23?
True
Does 7 divide 336?
True
Does 3 divide 1881?
True
Is 79838 a multiple of 22?
True
Does 13 divide 1261?
True
Is 14 a factor of 3948?
True
Does 8 divide 776?
True
Is 10 a factor of 930?
True
Is 42 a factor of 336?
True
Is 22871 a multiple of 10?
False
Is 8581 a multiple of 59?
False
Does 45 divide 44323?
False
Is 7059 a multiple of 13?
True
Is 61 a factor of 1180?
False
Is 19 a factor of 1835?
False
Does 72 divide 792?
True
Does 12 divide 6564?
True
Does 7 divide 70?
True
Is 4494 even?
True
Is 2002 a multiple of 13?
True
Does 14 divide 6866?
False
Is 23 a factor of 9542?
False
Is 102 a factor of 9246?
False
Is 1085 a multiple of 31?
True
Is 32436 a multiple of 102?
True
Is 5 a factor of 730?
True
Is 53 a factor of 848?
True
Is 12 a factor of 2716?
False
Is 18 a factor of 287?
False
Is 83 a factor of 2905?
True
Is 25 a factor of 57?
False
Is 5 a factor of 325?
True
Does 6 divide 1335?
False
Does 22 divide 88?
True
Is 12 a factor of 268?
False
Is 17 a factor of 9311?
False
Is 182 a multiple of 14?
True
Is 2219 a multiple of 4?
False
Does 30 divide 7620?
True
Is 440 a multiple of 15?
False
Is 80 a factor of 10000?
True
Does 29 divide 8323?
True
Is 203 a multiple of 7?
True
Does 6 divide 1314?
True
Is 2323 a multiple of 71?
False
Is 184 a multiple of 6?
False
Is 3128 a multiple of 34?
True
Is 28 a factor of 1617?
False
Is 18 a factor of 14868?
True
Does 14 divide 1372?
True
Does 24 divide 192?
True
Is 18216 a multiple of 8?
True
Is 6 a factor of 306?
True
Is 10755 a multiple of 177?
False
Is 5837 a multiple of 21?
False
Is 936 a multiple of 24?
True
Is 6 a factor of 44562?
True
Is 120 a factor of 31724?
False
Does 12 divide 1250?
False
Is 71 a factor of 15904?
True
Is 135 a multiple of 5?
True
Does 37 divide 5293?
False
Is 2 a factor of 55?
False
Does 21 divide 6132?
True
Is 10405 a multiple of 108?
False
Is 65 a factor of 449?
False
Does 27 divide 26371?
False
Is 27792 a multiple of 12?
True
Is 129404 a multiple of 24?
False
Is 6032 a multiple of 26?
True
Is 13 a factor of 988?
True
Is 1944 a 